 Suppose -5*u = l - 72, -x*u + 0*u + 58 = l. List the prime factors of u.
2, 7
Suppose 3*o + 11 = -n + 5, 19 = -5*n - 4*o. List the prime factors of (-132)/(-8)*(n - 74/(-6)).
2, 7, 11
Let z be (3 - 8/12 - 2)*3714. Suppose z + 532 = 10*x. List the prime factors of x.
3, 59
Let m be 9 - 5 - (-1 - 1). Let o be 2/6*(3 + 6). Suppose 51 = -o*x + m*x. List the prime factors of x.
17
Suppose -4*n = -4*t + 9*t - 1392, -3*t + 831 = n. What are the prime factors of t?
2, 3, 23
Let w(h) = -9*h**3 - h**2 - 5*h - 15. List the prime factors of w(-3).
2, 3, 13
Let n = 165 + -120. Suppose 0 = -n*m + 49*m - 196. What are the prime factors of m?
7
Suppose 0 = 3*s - 9, 5*o + 0*o + 3 = -4*s. Let h be (-2 - o)/(7/(-133)). Let x = h - -34. List the prime factors of x.
3, 5
Let k be 15/(-6)*(-1 - 1). Suppose 204 - 7 = 5*w - 4*x, -3*w = k*x - 133. List the prime factors of w.
41
Let d(k) = k - 5. Let p(h) = -h - 4. Let a be p(-3). Let w(b) = -b. Let i(l) = a*w(l) + d(l). List the prime factors of i(6).
7
Let t = -44 - 9. Let y = t - -97. What are the prime factors of y?
2, 11
Suppose 4*v = 16, 0*c + v = 2*c. What are the prime factors of c/(4 + 2502/(-627))?
11, 19
Let c(s) = -s**3 - 9*s**2 + 12*s + 1. List the prime factors of c(-11).
3, 37
Suppose 5*d + u - 199 = 9, -5*d + 196 = -3*u. List the prime factors of d.
41
Suppose -36*u + 2464 = -14*u. What are the prime factors of u?
2, 7
Let r(z) = -z + 7. Let q be r(7). Suppose 3*c - 136 = d, 3*c + q*d + 2*d = 124. List the prime factors of c.
2, 11
Let l(t) = -t**2 - 4*t + 8*t**2 - 8*t**2 + 5 - 5*t. Let d = 5 - 13. List the prime factors of l(d).
13
Let r(d) = d**2 + d - 1. Let o(g) = -9*g**2 - 30*g - 1. Let s(j) = -o(j) - 2*r(j). What are the prime factors of s(-6)?
3, 29
List the prime factors of (44*(-10)/(-12))/(107/1605).
2, 5, 11
What are the prime factors of (5/2)/(-5)*(-28578)/33?
433
Suppose -4*h + 1023 = -2*o + 3*o, 0 = 2*o - 2*h - 2076. List the prime factors of o.
3, 5, 23
Let k be 0/(-3)*(1 + 0). Suppose k*y - y + 44 = 0. What are the prime factors of y?
2, 11
Let w = 30 + -16. Let f(l) = -62*l - 16. Let s be f(w). List the prime factors of s/(-28) - 3/(-7).
2
Let d(t) = 3*t - 6. Let w(g) = g**2 - 5*g - 3. Let n be w(6). Let y be d(n). Suppose -6*i + y*i + 12 = 0. List the prime factors of i.
2
Let z = 16 - 13. Suppose 3*a - 2*t - 41 = 0, z*a + 12 = 5*t + 56. Let u = a + -9. What are the prime factors of u?
2
Let l = -708 + 328. Let c = l - -616. What are the prime factors of c?
2, 59
Suppose 0 = -24*w + 10*w + 24052. List the prime factors of w.
2, 859
Let z be 5/(-5)*(1 + 0). Let q be (-2 - -25) + (2 - z). Let x = q + 19. List the prime factors of x.
3, 5
Suppose 5*j - 3*v = 832, 0*v = -2*v + 2. Let h = j + -115. What are the prime factors of h?
2, 13
Let a = 10922 + -6935. List the prime factors of a.
3, 443
Let u be -1 - 2*2 - 1. Let f(s) be the first derivative of -4*s**2 - 7*s - 97. What are the prime factors of f(u)?
41
Let z(j) = j**2 - 5*j + 6. Let v be z(4). Suppose -2*x - 72 = v*x. Let o = x - -31. What are the prime factors of o?
13
Let o = 21 + -13. Suppose -13*l + o*l + 150 = 0. What are the prime factors of l?
2, 3, 5
Suppose 5*u - 15 = 0, 2*u + 440 = c - 0*c. List the prime factors of c.
2, 223
What are the prime factors of (436 - (-3 + 6)) + (6 - 7)?
2, 3
Let x(r) = 15 + r**3 - 3*r + 0*r + 2*r + 24. List the prime factors of x(0).
3, 13
Suppose 4*j + 7*v - 11*v = 1240, v - 1538 = -5*j. What are the prime factors of j?
2, 7, 11
Suppose 4*y = 66 + 630. Suppose -8*w = -6*w - y. What are the prime factors of w?
3, 29
List the prime factors of 10 - (-5)/((-50)/(-19640)).
2, 3, 7, 47
Let m = 12534 - 8553. List the prime factors of m.
3, 1327
Let k(d) = 77 - 60 + 0*d + d. What are the prime factors of k(-7)?
2, 5
Let l(j) = -j**3 + 25*j**2 - 19*j - 13. What are the prime factors of l(7)?
2, 23
Let u(j) be the third derivative of 3*j**4/8 - j**3/3 - 2*j**2. Let g be u(2). Suppose n = -4*v + 5*n + g, -5*v + 2*n + 26 = 0. What are the prime factors of v?
2, 3
Let w be 6/(-8)*(-3 + -1). Suppose 4*b = -9*b + 104. Suppose b*i = w*i + 45. List the prime factors of i.
3
Let j(n) = -14*n**3 + 9*n + 9. List the prime factors of j(-5).
2, 857
Let d = 62 + 205. What are the prime factors of d?
3, 89
Suppose -4*n = -u + 2446, -3*u + 4*n = -5503 - 1859. What are the prime factors of u?
2, 1229
Let j be (-75)/(-21) + (-6)/(-14). Suppose 5*s - 11 - j = 0. What are the prime factors of (-4)/(4/s) + 45?
2, 3, 7
Let x = 1033 - 599. List the prime factors of x.
2, 7, 31
Let f be 2/(-4 + 66/15). Suppose 0 = -5*y - f*s + 175, 0 = -4*y + 3*s + s + 132. List the prime factors of y.
2, 17
Let v be 724/40 + (-8)/80. Let y(l) = -l**2 + 4*l - 3. Let o be y(3). What are the prime factors of (o - v)*5/(-3)?
2, 3, 5
Let d(u) = 3*u**2 - 79*u - 23. List the prime factors of d(44).
2309
Let t(c) = -c + 8. Let z = 9 - 17. Let d = 12 + z. List the prime factors of t(d).
2
Let g be 91/(-13)*108/14 - 1. Let y = g - -128. List the prime factors of y.
73
Suppose -1926 = -20*q + 17*q. Suppose 5*n - 588 = -3*d, 5*n + 2*d - q + 50 = 0. What are the prime factors of n?
2, 3, 5
Let x(y) = 151*y**2 - 2*y - 3. Let n be x(-1). Suppose 67*l - 69*l + n = 0. List the prime factors of l.
3, 5
Suppose y = -4*h + 13 + 11, 0 = -3*y + h + 7. Suppose -289 - 3 = -y*z. What are the prime factors of z?
73
Let g = 0 + 2. Let h = g - -1. Suppose 2*j = 5*m - 47, -4*m - h*j + j + 34 = 0. List the prime factors of m.
3
Suppose 23*r - 1991 = 2724. What are the prime factors of r?
5, 41
Let w(q) = 44*q**2 + 2*q + 15. List the prime factors of w(6).
3, 179
Suppose -3*a + 56 = -7*a. Let w(v) = v**2 + 12*v - 14. Let r be w(a). Suppose r - 11 = n. List the prime factors of n.
3
Suppose 2 = 8*u - 7*u. Suppose 0 = 3*m - 4*r - 215, 2*r + 280 = 2*m + u*m. List the prime factors of m.
3, 23
Suppose -104*v = -85*v - 58539. List the prime factors of v.
3, 13, 79
Let m(k) = -28*k + 1. Suppose 0 = 3*d - 4 + 1. Let j be 1*1/(-2 + d). List the prime factors of m(j).
29
Suppose -7*w + 9*w - 6248 = 0. What are the prime factors of w?
2, 11, 71
Suppose -3*d - 4*x + 6239 = 0, 3*x - 2 = 4. What are the prime factors of d?
31, 67
Suppose -2*m - 5*d + 937 = 0, 2*d - 115 = m - 579. What are the prime factors of m?
2, 233
Let x(d) = 10*d**2 - 6*d + 4. Let w be x(7). Suppose w - 182 = 3*a. List the prime factors of a.
2, 3, 5
Let s be -5 - -1 - (-281 - -3). Suppose h - s = -h. What are the prime factors of h?
137
Let b be -2 + 2/(6/15). Suppose b*f - 84 + 15 = 0. What are the prime factors of f?
23
Let a be ((1/2)/(2/88))/(-1). Let c = 85 + a. What are the prime factors of c?
3, 7
Suppose 32*y - 13*y - 46360 = 0. What are the prime factors of y?
2, 5, 61
Suppose 5*h - 7 = 3, 14 = 4*a + 5*h. What are the prime factors of ((-45)/54)/(2*a/(-12))?
5
Suppose 2*z = -0*z + 80. Let f = z + 75. What are the prime factors of f?
5, 23
Suppose -3*q = q - 2196. Suppose q = 5*h + 79. List the prime factors of h.
2, 47
Let v(a) = a**2 - 2. Let o(p) = p**2 - 1. Let w be o(-1). Suppose w = -3*s + 2*i + 8, -5*i = -4*s + 10 - 4. What are the prime factors of v(s)?
2, 7
Let d = 8 + 0. Let z(s) = 1 - 3*s + s - 3 - d*s. What are the prime factors of z(-2)?
2, 3
Suppose -3*p - 5*g - 10 = 0, -3*p + g = -4*g - 40. Suppose p*k - 2*k = 210. List the prime factors of k.
2, 5, 7
Let t(n) = -19*n**2 + 5*n - 6. Let q be t(2). What are the prime factors of 12/q + (-650)/(-12)?
2, 3
Suppose -629 = -4*q + 187. Suppose 5*i - 2*i = q. List the prime factors of i.
2, 17
Suppose -4*d - 4*x + 36 = 0, 19 - 2 = 5*d - 2*x. Suppose d*k - 28 = 332. What are the prime factors of k?
2, 3
Let g(n) = 3*n**2 - 1. Let t be g(1). Suppose w = -0*w + t. Suppose 100 = w*j + 2*j. What are the prime factors of j?
5
Let q = -8 + 23. Suppose -4*k - 5*p + q = 0, -3*k + 4*k + 5*p = 0. Suppose 0 = -4*l - k*n + 88, 0 = -2*l + 2*n + 23 + 3. List the prime factors of l.
17
Suppose -3*n = n + 4*g - 9208, -4*g + 6904 = 3*n. List the prime factors of n.
2, 3
Let x(d) = -135*d**3 - 3*d**2 - 3*d - 1. What are the prime factors of x(-1)?
2, 67
Let u(o) = 19*o**2. Let n(g) be the second derivative of -8*g**4 - 4*g. Let f(v) = 3*n(v) + 16*u(v). What are the prime factors of f(-1)?
2
List the prime factors of 2/(-10) - (389424/(-95) + -20).
3, 1373
Let